t are the prime factors of 102654068?
2, 11, 83, 28109
What are the prime factors of 933569364?
2, 3, 7, 13, 122131
What are the prime factors of 55206186?
2, 3, 7, 1314433
What are the prime factors of 7188834?
2, 3, 23, 113, 461
List the prime factors of 188876580.
2, 3, 5, 1321, 2383
List the prime factors of 15962880.
2, 3, 5, 4157
What are the prime factors of 265565767?
265565767
List the prime factors of 534953343.
3, 23, 29, 83, 3221
List the prime factors of 30803055.
3, 5, 37, 55501
What are the prime factors of 119381553?
3, 4421539
List the prime factors of 66533276.
2, 193, 86183
List the prime factors of 7056088519.
16843, 418933
What are the prime factors of 233032693?
11497, 20269
What are the prime factors of 219496286?
2, 79, 1389217
What are the prime factors of 300331300?
2, 5, 1489, 2017
What are the prime factors of 8093483?
8093483
What are the prime factors of 401047878?
2, 3, 7, 11, 868069
List the prime factors of 34873076.
2, 7, 137, 9091
List the prime factors of 41073094.
2, 20536547
What are the prime factors of 835609627?
835609627
List the prime factors of 2904448681.
37, 887, 88499
What are the prime factors of 12406869?
3, 1378541
What are the prime factors of 45472778?
2, 13, 37, 47269
List the prime factors of 7261398.
2, 3, 37, 10903
List the prime factors of 260905980.
2, 3, 5, 4348433
List the prime factors of 2920449632.
2, 2749, 33199
List the prime factors of 2681969674.
2, 17, 78881461
What are the prime factors of 266967549?
3, 9887687
List the prime factors of 854274969.
3, 313, 303257
What are the prime factors of 295663393?
295663393
List the prime factors of 19905965.
5, 3981193
List the prime factors of 20648211.
3, 1439, 4783
What are the prime factors of 537925903?
537925903
What are the prime factors of 54901735?
5, 7, 19, 82559
List the prime factors of 62966971.
62966971
List the prime factors of 229513735.
5, 11, 113, 36929
What are the prime factors of 1056761633?
17, 971, 64019
What are the prime factors of 2569170029?
2569170029
List the prime factors of 78452184.
2, 3, 193, 16937
List the prime factors of 416776710.
2, 3, 5, 7, 31, 73, 877
What are the prime factors of 135861093?
3, 17, 313, 2837
What are the prime factors of 263267701?
263267701
What are the prime factors of 488268283?
488268283
What are the prime factors of 121638128?
2, 17, 337, 1327
List the prime factors of 10726398.
2, 3, 198637
What are the prime factors of 1446474528?
2, 3, 29, 173189
What are the prime factors of 55263591?
3, 397, 15467
List the prime factors of 69046399.
19, 3634021
What are the prime factors of 2136104873?
7, 889673
What are the prime factors of 985457418?
2, 3, 11, 1409, 10597
List the prime factors of 2817135201.
3, 939045067
List the prime factors of 1237190410.
2, 5, 43, 61, 101, 467
List the prime factors of 78337477.
4597, 17041
What are the prime factors of 740571543?
3, 82285727
What are the prime factors of 825132529?
13, 101, 48341
List the prime factors of 800610220.
2, 5, 19, 23, 47, 1949
List the prime factors of 64317053.
853, 75401
List the prime factors of 245441927.
10301, 23827
What are the prime factors of 93886705?
5, 11, 383, 4457
What are the prime factors of 50800717?
11, 4618247
List the prime factors of 52962895.
5, 10592579
What are the prime factors of 5224770?
2, 3, 5, 37, 523
List the prime factors of 1431743.
89, 16087
List the prime factors of 12905903.
12905903
What are the prime factors of 47697951?
3, 7, 179, 12689
List the prime factors of 2047428476.
2, 47, 2063, 5279
What are the prime factors of 138474703?
138474703
List the prime factors of 112234281.
3, 3121, 11987
What are the prime factors of 115669875?
3, 5, 23, 13411
List the prime factors of 1243085571.
3, 7, 13, 719, 2111
What are the prime factors of 2419042455?
3, 5, 17, 1054049
What are the prime factors of 2152168164?
2, 3, 47, 423989
What are the prime factors of 30579249?
3, 2593, 3931
What are the prime factors of 1785389400?
2, 3, 5, 991883
List the prime factors of 31666897.
31666897
List the prime factors of 2280671609.
59, 38655451
What are the prime factors of 7347134629?
2447, 3002507
List the prime factors of 909393435.
3, 5, 23, 878641
What are the prime factors of 1026776322?
2, 3, 11, 13, 398903
List the prime factors of 11550971.
41, 107, 2633
List the prime factors of 686888433.
3, 7, 11, 991181
What are the prime factors of 3525997442?
2, 11, 9883, 16217
What are the prime factors of 33180513?
3, 23, 197, 2441
List the prime factors of 4133407902.
2, 3, 13, 197, 268997
What are the prime factors of 68333592?
2, 3, 1117, 2549
List the prime factors of 64718158.
2, 787, 41117
What are the prime factors of 173417405?
5, 7, 1249, 3967
List the prime factors of 3784730.
2, 5, 37, 53, 193
List the prime factors of 41761102.
2, 29, 720019
List the prime factors of 404173883.
404173883
What are the prime factors of 4621221543?
3, 29, 53117489
What are the prime factors of 64176881?
113, 567937
List the prime factors of 142210473.
3, 59, 803449
What are the prime factors of 1653511852?
2, 31, 43, 310111
List the prime factors of 7732752170.
2, 5, 11, 13, 415963
What are the prime factors of 396957226?
2, 137, 1117, 1297
List the prime factors of 267989861.
267989861
What are the prime factors of 54497053?
13, 17, 83, 2971
What are the prime factors of 535221507?
3, 19, 53, 177167
What are the prime factors of 31742342?
2, 43, 369097
List the prime factors of 4408832950.
2, 5, 61, 1445519
What are the prime factors of 1913728250?
2, 5, 7, 17, 64327
List the prime factors of 134499934.
2, 67249967
List the prime factors of 13841515.
5, 23, 37, 3253
List the prime factors of 228965306.
2, 114482653
List the prime factors of 156689134.
2, 7, 349, 32069
What are the prime factors of 194614366?
2, 389, 250147
List the prime factors of 31251892.
2, 7, 137, 8147
List the prime factors of 577922063.
29, 19928347
What are the prime factors of 257696497?
73, 3530089
List the prime factors of 73676392.
2, 167, 55147
List the prime factors of 10653575.
5, 131, 3253
What are the prime factors of 968594268?
2, 3, 59, 1368071
What are the prime factors of 7958302687?
29753, 267479
List the prime factors of 1700706134.
2, 850353067
What are the prime factors of 32176596?
2, 3, 383, 7001
List the prime factors of 51539543.
11, 4685413
List the prime factors of 1394933.
1394933
List the prime factors of 344592325.
5, 7, 11, 23, 43, 181
List the prime factors of 4586507885.
5, 557, 1646861
List the prime factors of 12099391.
12099391
What are the prime factors of 816946597?
816946597
List the prime factors of 489695351.
5519, 88729
What are the prime factors of 113412822?
2, 3, 4241, 4457
List the prime factors of 1098763679.
13, 79, 131, 8167
List the prime factors of 163512306.
2, 3, 283, 32099
List the prime factors of 1860719306.
2, 43, 21636271
List the prime factors of 80697496.
2, 11, 47, 109, 179
List the prime factors of 55531731.
3, 83, 223019
What are the prime factors of 296007489?
3, 32889721
What are the prime factors of 1489742717?
1489742717
List the prime factors of 585089237.
585089237
What are the prime factors of 1163659569?
3, 3299, 117577
List the prime factors of 7380281.
109, 67709
List the prime factors of 2053140261.
3, 31, 223, 98999
What are the prime factors of 1791502459?
71, 25232429
What are the prime factors of 2448916006?
2, 563, 607, 3583
List the prime factors of 24245339.
1193, 20323
List the prime factors of 254893391.
1447, 176153
What are the prime factors of 174174863?
1741, 100043
List the prime factors of 92826085.
5, 11, 1031, 1637
What are the prime factors of 185643910?
2, 5, 17, 1092023
List the prime factors of 5307273987.
3, 41, 263, 359, 457
What are the prime factors of 3134718066?
2, 3, 522453011
List the prime factors of 1144954359.
3, 14135239
List the prime factors of 4037866018.
2, 37, 173, 315409
What are the prime factors of 79796799?
3, 67, 44111
What are the prime factors of 54743394?
2, 3, 751, 12149
List the prime factors of 6444250276.
2, 41, 47, 836047
List the prime factors of 469420643.
17, 27612979
List the prime factors of 50728816.
2, 17, 421, 443
List the prime factors of 13331739.
3, 131, 33923
List the prime factors of 156550629.